vided by d.
38
Suppose -7*h = -h - 1044. What is the remainder when h is divided by 16?
14
Suppose 0 = i + 10 + 36. What is the remainder when 6 is divided by i/(-14) + -2*(-3)/(-21)?
0
Let r be -3 + 0 - (-52 - -3). Suppose -3*v = 2*a - r, v - 8 = -3*a - 2. What is the remainder when 35 is divided by v?
17
Suppose 396*u - 393*u = 99. Calculate the remainder when u is divided by (-116)/(-10) + 6/15.
9
Let h = 909 - 727. What is the remainder when h is divided by 32?
22
Suppose 2*o - 204 = -5*m, 0 = 3*m - 30*o + 33*o - 126. What is the remainder when 380 is divided by m?
20
Suppose 2*c - 3*c + 1 = -2*p, -2*p = -3*c + 15. Suppose -x + c*x = 90. What is the remainder when x is divided by 9?
6
Let b(j) = 82*j**2 + 7*j - 8. Calculate the remainder when b(1) is divided by 17.
13
Let h be 2/(-4)*(-7 - 1). Suppose v = h*y + 22, 2*y = -y. Calculate the remainder when 70 is divided by v - (-4 + (1 - -1)).
22
Suppose -3*i + 2*d = -64, -i + 3*i + 5*d - 68 = 0. Let a = i - -8. Calculate the remainder when a is divided by 10.
2
Let r = -88 + 133. Calculate the remainder when 199 is divided by r.
19
Let y(k) = 21*k - 17. Calculate the remainder when 433 is divided by y(5).
81
Let z(r) = -r**3 - r**2 + 3. Let c be z(0). Suppose 3 = l - c. Calculate the remainder when l is divided by 3.
0
Let u be ((-4)/(-3))/(34/(-255)). What is the remainder when 47 is divided by 20/(u/2 + 7)?
7
Let m(n) = -36*n - 2. What is the remainder when 60 is divided by m(-1)?
26
Let z = -533 + 845. Calculate the remainder when z is divided by 13.
0
Suppose 0 = -3*b + 3*w + 36, 3*b - 10 = w + 18. What is the remainder when 30 is divided by b?
6
Let f(i) = -i**3 + 8*i**2 - 4*i + 2. Suppose l = 4*p - 106, 0 = 4*p + 5*l - 2*l - 98. Let v = 39 - p. Calculate the remainder when f(7) is divided by v.
10
Let m(h) = -h**3 + 31*h**2 - 57*h + 5. Calculate the remainder when m(29) is divided by 9.
7
Suppose -2*m + 15 = m. Suppose 3*i + 7 = 2*f, 3*f - m*i - 13 = -i. What is the remainder when 34 is divided by 79/11 + (-2)/f?
6
Let q = -117 + 319. Calculate the remainder when q is divided by 34.
32
Let w = 465 + -247. Suppose -w + 44 = -6*v. Calculate the remainder when 54 is divided by v.
25
Let b be 4/14 + (-16808)/77. Let a be b*(-3)/(-12)*-2. Suppose -5*g + a = -116. What is the remainder when g is divided by 12?
9
Suppose 0 = -9*l + 7*l + 498. Suppose -10*s + 1189 = l. What is the remainder when s is divided by 12?
10
Suppose 4*t = 2*t + 4. Let y(h) = -h**2 + t*h - h - h**2 + 3*h**2 + 10. What is the remainder when y(0) is divided by 4?
2
Let z be 5/(-10)*(-14 + 2 + 0). Calculate the remainder when 23 is divided by 54/z + (-2)/4*-6.
11
Calculate the remainder when 122 is divided by (2610/(-1015))/((-3)/56).
26
Calculate the remainder when 67 is divided by 6/(-10) + (-219)/(-15).
11
Let k(g) = -g**3 - 5*g**2 + 5*g + 36. What is the remainder when 94 is divided by k(0)?
22
Suppose -3*i + 5*c + 490 = 2*i, 0 = 4*c - 4. Calculate the remainder when i is divided by (18*5/20 - 4)*68.
31
Calculate the remainder when 5 - 24*(15/2)/(-5) is divided by 5.
1
Let p(b) = 2*b**3 + 3*b + 80. Let s be p(0). Suppose 4*d = -d + 5*o + s, 5*d - 77 = 4*o. What is the remainder when 140 is divided by d?
10
Let s = -88 - -148. What is the remainder when 209 is divided by s?
29
Let l = -1481 + 1597. What is the remainder when l is divided by 109?
7
Suppose -2*r = -3*t - 19, -2*r - 4*t - 2 = -0*r. Suppose -r*h - 5 = -6*h. Suppose -2*u + 69 + h = 0. What is the remainder when u is divided by 10?
7
Suppose -s = s - 5*t - 39, -4*s + 45 = t. Suppose 0 = -4*i - m - 10 + 91, 4*m = -s. Calculate the remainder when 78 is divided by i.
15
Suppose -2*x = -2*i - 18, 4*x - 2*i - 38 = -0*i. Suppose -4*t + 3*t = -x. Let h = -27 + 54. Calculate the remainder when h is divided by t.
7
Suppose -12*t + 616 = -416. Calculate the remainder when t is divided by 11.
9
Suppose 1975*q - 1980*q = -275. What is the remainder when 490 is divided by q?
50
Let c be 4 - (5 - 4) - -1. Suppose -7 = c*y - 83. Let j = y - -4. Calculate the remainder when j is divided by 8.
7
Suppose -4*p + 3*p = 0. Let m be 4/(-6) - (-6)/9. Suppose p*z - 2*z + f + 71 = m, 2*z = -f + 61. What is the remainder when z is divided by 12?
9
Let r = 0 + -12. Let t be 14/(-1) + r/6. Let f = -12 - t. What is the remainder when f is divided by 3?
1
Let t(q) = -25*q + 3. Let z be t(-3). Suppose -9*s = -15*s + z. What is the remainder when 17 is divided by s?
4
Let h = 238 - 218. Calculate the remainder when 99 is divided by h.
19
Let h = -254 + 315. Calculate the remainder when h is divided by 34.
27
Let g(k) = 34*k - 80. Calculate the remainder when g(5) is divided by 28.
6
Suppose 0 = -9*z + 4*z + 35. Calculate the remainder when 214 is divided by z.
4
Let k(m) = -m + 2. Let v be k(-2). Suppose -62 = -3*i + 4*d, -v*i = -0*d + 3*d - 41. What is the remainder when 40 is divided by i?
12
Let g = 272 - 247. Calculate the remainder when 60 is divided by g.
10
Suppose -r = -x - x + 71, 0 = -4*x + 5*r + 133. What is the remainder when 70 is divided by x?
33
Suppose 22*z - 1804 = 11*z. What is the remainder when 334 is divided by z?
6
Calculate the remainder when 566 is divided by -3*((8 - -3) + -21).
26
Let z(s) be the second derivative of -7*s + 0*s**3 + 5/2*s**2 + 1/12*s**4 + 0. Calculate the remainder when z(-4) is divided by 11.
10
Suppose l + 12 = -l. Let y(h) = -h**3 - 5*h**2 + 4*h. What is the remainder when y(l) is divided by 15/(-10)*10/(-3)?
2
Let r(o) = o**3 - o**2 + o + 8. Suppose -3*q - 5*d = -21, 4*q + d - 33 = q. What is the remainder when q is divided by r(0)?
4
Suppose -3*x = 3 - 66. Calculate the remainder when 62 is divided by x.
20
Let d = 17 + -1. Suppose -4*y + d = -12. Calculate the remainder when 36/10*40/8 is divided by y.
4
Let a(n) be the first derivative of n + 9/2*n**2 + 4. What is the remainder when a(3) is divided by 15?
13
Calculate the remainder when 94 - 0*2/(-4) is divided by 32 + (12/(-3) - 4).
22
Let w = 9 + -9. Suppose w = -4*s - 0*s + 88. Suppose v - s = 8. What is the remainder when v is divided by 8?
6
Let v be (0/(-2))/(5 + -2). Suppose -4*k = -k + 2*h - 143, k - 5*h - 76 = v. What is the remainder when k is divided by 18?
15
Let q be 5 + (24/(-7) - (-15)/35). Suppose -87 = -q*o - 69. What is the remainder when 14 is divided by o?
5
Let z(u) = 61*u + 323. Suppose 0*v - 2*v = -4. Calculate the remainder when (v + -24)*6/(-4) is divided by z(-5).
15
Let i(s) = s + 27. Suppose 4*x - 21 = x. Calculate the remainder when i(-10) is divided by x.
3
Suppose -25 = 5*p, 30 = -4*t + 3*t + p. Let f = t + 46. What is the remainder when 30 is divided by f?
8
Let k(p) = -5*p - 22. Let m be k(-5). Suppose -m*s + 2*s = -10. What is the remainder when s is divided by 8?
2
Suppose 0 = 2*f + 15 - 43. Let x(y) = -y**3 - 4*y**2 - 13*y - 26. Let u be x(-6). Let n = u - 98. Calculate the remainder when n is divided by f.
12
What is the remainder when 87 is divided by 10/(-9 - -4)*38/(-4)?
11
Let k = 1718 - 1697. Calculate the remainder when 199 is divided by k.
10
Suppose i = 3*n - 47, 4*n - 9*n + 4*i + 76 = 0. Calculate the remainder when 106 is divided by n.
10
Let w = -24 - -18. Let o = w - -19. What is the remainder when 36 is divided by o?
10
Suppose -6*i + 33 = -3. Calculate the remainder when (i - 12)*(-24)/9 is divided by 9.
7
Suppose -2*n = n - 9. Let h(d) = -d**2 - 24*d + 35. Let o be h(-26). Let y = o + 18. What is the remainder when n is divided by y?
0
Let a be (0 - (-10)/(-4))*-2. Suppose a*w - f = 72 + 14, 0 = 4*w + 3*f - 65. Suppose 25 = 3*c + 7. What is the remainder when w is divided by c?
5
Suppose -2*y - 275 = -5*d + 30, 0 = -4*y. Suppose d + 39 = 4*s. What is the remainder when 146 is divided by s?
21
Let k(n) = n**3 - 22*n**2 + 4*n + 27. Calculate the remainder when k(22) is divided by ((3 - 2) + 25)/((-4)/(-6)).
37
Suppose 10*d - 5*d + 5*x + 10 = 0, 5*d - 35 = 4*x. Suppose -t - d*t + 20 = 0. Let z = 10 + -3. What is the remainder when z is divided by t?
2
Suppose 2*b = -160 - 18. Let v = b - -183. What is the remainder when v is divided by 32?
30
Let c(l) = 220*l**2 - l + 3. Calculate the remainder when c(-1) is divided by 75.
74
Let h(m) = 5*m**2 + 99*m + 78. Calculate the remainder when h(-22) is divided by 65.
60
Let v = 44 + -17. Calcul